{"id":548,"date":"2023-10-03T09:16:32","date_gmt":"2023-10-03T07:16:32","guid":{"rendered":"http:\/\/skalapasji.pl\/?page_id=548"},"modified":"2024-10-03T15:31:28","modified_gmt":"2024-10-03T13:31:28","slug":"edycja-2023","status":"publish","type":"page","link":"http:\/\/skalapasji.pl\/?page_id=548","title":{"rendered":"2023"},"content":{"rendered":"<p>[vc_row css_animation=&#8221;&#8221; row_type=&#8221;row&#8221; use_row_as_full_screen_section=&#8221;no&#8221; type=&#8221;grid&#8221; angled_section=&#8221;no&#8221; text_align=&#8221;center&#8221; background_image_as_pattern=&#8221;without_pattern&#8221; padding_bottom=&#8221;28&#8243; z_index=&#8221;&#8221; el_class=&#8221;qode-video-row&#8221; css=&#8221;.vc_custom_1522241574028{background-image: url(http:\/\/bridge204.qodeinteractive.com\/wp-content\/uploads\/2018\/03\/about-background-2-2.png?id=183) !important;background-position: center !important;background-repeat: no-repeat !important;background-size: cover !important;}&#8221;][vc_column css=&#8221;.vc_custom_1522233677636{margin-top: -3% !important;}&#8221;][qode_elements_holder number_of_columns=&#8221;one_column&#8221;][qode_elements_holder_item advanced_animations=&#8221;no&#8221; item_padding=&#8221;0 0 0 0&#8243; item_padding_600_768=&#8221;40px 0 0 0&#8243; item_padding_480_600=&#8221;40px 0 0 0&#8243; item_padding_480=&#8221;40px 0 0 0&#8243;][vc_empty_space height=&#8221;1px&#8221;][\/qode_elements_holder_item][\/qode_elements_holder][vc_empty_space height=&#8221;99px&#8221;][qode_elements_holder number_of_columns=&#8221;one_column&#8221;][qode_elements_holder_item advanced_animations=&#8221;no&#8221; item_padding=&#8221;0 18% 0 18%&#8221; item_padding_600_768=&#8221;0 0% 0 0%&#8221; item_padding_480_600=&#8221;0 0% 0 0%&#8221; item_padding_480=&#8221;0 0% 0 0%&#8221;][vc_empty_space height=&#8221;60 px&#8221;][vc_empty_space height=&#8221;60 px&#8221;][vc_empty_space height=&#8221;60 px&#8221;][vc_column_text]<\/p>\n<h3 style=\"text-align: center;\"><strong><span style=\"color: #ffcc99;\">Harmonogram<\/span><\/strong><\/h3>\n<p>&nbsp;<\/p>\n<p>&nbsp;<\/p>\n<ul>\n<li style=\"font-weight: 400; text-align: left;\">Kamil Serefko\u00a0Recital fortepianowy<br \/>\n13.X. 2023 r. godz. 18:00 Krzeszowice, ul. Ogrodowa 7<\/li>\n<\/ul>\n<p>&nbsp;<\/p>\n<ul>\n<li style=\"font-weight: 400; text-align: left;\">Wyk\u0142ad mi\u0119dzypokoleniowy, ilustrowany muzyk\u0105 na \u017cywo.<br \/>\n\u201eDziwny jest ten \u015bwiat\u201d \u2013 prowadz\u0105cy: Arleta Wo\u0142os &amp; Wojciech Wachu\u0142ka<br \/>\n20.X. 2023 r. godz. 17:00 Krzeszowice, ul. Ogrodowa 7<\/li>\n<\/ul>\n<p>&nbsp;<\/p>\n<ul>\n<li style=\"font-weight: 400; text-align: left;\">Warsztaty Orkiestrowe \u2013 prowadz\u0105cy Jerzy Suru\u0142o<br \/>\n18.X. i 8.XI.2023 r godz. 18:00 Krzeszowice, ul. Ogrodowa 7<\/li>\n<\/ul>\n<p>&nbsp;<\/p>\n<ul>\n<li style=\"font-weight: 400; text-align: left;\">Warsztaty wokalne \u2013 prowadz\u0105cy Magdalena Suru\u0142o<br \/>\n24.X.2023 r. godz. 15:00 Krzeszowice, ul. Ogrodowa 7<\/li>\n<\/ul>\n<p>&nbsp;<\/p>\n<ul>\n<li style=\"font-weight: 400; text-align: left;\">Warsztaty instrument\u00f3w klawiszowych \u2013 prowadz\u0105cy Piotr Kalicki<br \/>\n27.X.2023 r godz. 16:00 Krzeszowice, ul. Ogrodowa 7<\/li>\n<\/ul>\n<p>&nbsp;<\/p>\n<ul>\n<li style=\"font-weight: 400; text-align: left;\">Warsztaty perkusyjne \u2013 prowadz\u0105cy Ryszard Pa\u0142ka<br \/>\n14.XI.2023 r. godz. 16:00 Krzeszowice, ul. Ogrodowa 7<\/li>\n<\/ul>\n<p>&nbsp;<\/p>\n<ul>\n<li style=\"font-weight: 400; text-align: left;\">Warsztaty gitarowe \u2013 prowadz\u0105cy Piotr Domaga\u0142a<br \/>\n15.XI.2023 r. godz. 14.00 Krzeszowice, ul. Ogrodowa 7<\/li>\n<\/ul>\n<p>&nbsp;<\/p>\n<ul>\n<li style=\"font-weight: 400; text-align: left;\">Koncert Galowy z udzia\u0142em instruktor\u00f3w i uczestnik\u00f3w warsztat\u00f3w<br \/>\n15.XI.2023 r. godz. 18:30 Krzeszowice, ul. Ogrodowa 7<\/li>\n<\/ul>\n<p>&nbsp;<\/p>\n<ul>\n<li style=\"font-weight: 400; text-align: left;\">Konsultacje masterclass dla zaawansowanych:<br \/>\nsaksofonist\u00f3w uczestnik\u00f3w orkiestry Skala Pasji \u2013 prowadz\u0105cy, Leszek Nowotarski,<br \/>\ntr\u0105bka, puzon \u2013 prowadz\u0105cy Maciej Fortuna<br \/>\n24.XI.2023 r. Trzebinia, ul. Ko\u015bciuszki 74<\/li>\n<\/ul>\n<p>&nbsp;<\/p>\n<ul>\n<li style=\"font-weight: 400; text-align: left;\">Koncert Big-bandu \u201eSkala Pasji\u201d &#8211; \u00a0fina\u0142 XI Festiwalu Muzyki Improwizowanej<br \/>\n24.XI. 2023 r. Trzebinia, ul. Ko\u015bciuszki 74<\/li>\n<\/ul>\n<p>[\/vc_column_text][\/qode_elements_holder_item][\/qode_elements_holder][vc_empty_space height=&#8221;55px&#8221;][vc_column_text]<\/p>\n<h3 style=\"text-align: center;\"><strong><span style=\"color: #ffcc99;\">Plakaty i materia\u0142y medialne<\/span><\/strong><\/h3>\n<p>[\/vc_column_text][vc_empty_space height=&#8221;55px&#8221;][vc_gallery type=&#8221;image_grid&#8221; images=&#8221;576,577,579,578&#8243; img_size=&#8221;400&#215;400&#8243; column_number=&#8221;4&#8243; grayscale=&#8221;no&#8221; images_space=&#8221;gallery_with_space&#8221;][\/vc_column][\/vc_row][vc_row css_animation=&#8221;&#8221; row_type=&#8221;row&#8221; use_row_as_full_screen_section=&#8221;no&#8221; type=&#8221;full_width&#8221; angled_section=&#8221;no&#8221; text_align=&#8221;left&#8221; background_image_as_pattern=&#8221;without_pattern&#8221;][vc_column][\/vc_column][\/vc_row]<\/p>\n","protected":false},"excerpt":{"rendered":"<p>[vc_row css_animation=&#8221;&#8221; row_type=&#8221;row&#8221; use_row_as_full_screen_section=&#8221;no&#8221; type=&#8221;grid&#8221; angled_section=&#8221;no&#8221; text_align=&#8221;center&#8221; background_image_as_pattern=&#8221;without_pattern&#8221; padding_bottom=&#8221;28&#8243; z_index=&#8221;&#8221; el_class=&#8221;qode-video-row&#8221; css=&#8221;.vc_custom_1522241574028{background-image: url(http:\/\/bridge204.qodeinteractive.com\/wp-content\/uploads\/2018\/03\/about-background-2-2.png?id=183) !important;background-position: center !important;background-repeat: no-repeat !important;background-size: cover !important;}&#8221;][vc_column css=&#8221;.vc_custom_1522233677636{margin-top: -3% !important;}&#8221;][qode_elements_holder number_of_columns=&#8221;one_column&#8221;][qode_elements_holder_item advanced_animations=&#8221;no&#8221; item_padding=&#8221;0 0 0 0&#8243; item_padding_600_768=&#8221;40px 0 0 0&#8243; item_padding_480_600=&#8221;40px 0 0 0&#8243; item_padding_480=&#8221;40px 0 0 0&#8243;][vc_empty_space height=&#8221;1px&#8221;][\/qode_elements_holder_item][\/qode_elements_holder][vc_empty_space height=&#8221;99px&#8221;][qode_elements_holder number_of_columns=&#8221;one_column&#8221;][qode_elements_holder_item advanced_animations=&#8221;no&#8221;&#8230;<\/p>\n","protected":false},"author":1,"featured_media":0,"parent":0,"menu_order":0,"comment_status":"closed","ping_status":"closed","template":"full_width.php","meta":{"footnotes":""},"class_list":["post-548","page","type-page","status-publish","hentry"],"_links":{"self":[{"href":"http:\/\/skalapasji.pl\/index.php?rest_route=\/wp\/v2\/pages\/548","targetHints":{"allow":["GET"]}}],"collection":[{"href":"http:\/\/skalapasji.pl\/index.php?rest_route=\/wp\/v2\/pages"}],"about":[{"href":"http:\/\/skalapasji.pl\/index.php?rest_route=\/wp\/v2\/types\/page"}],"author":[{"embeddable":true,"href":"http:\/\/skalapasji.pl\/index.php?rest_route=\/wp\/v2\/users\/1"}],"replies":[{"embeddable":true,"href":"http:\/\/skalapasji.pl\/index.php?rest_route=%2Fwp%2Fv2%2Fcomments&post=548"}],"version-history":[{"count":14,"href":"http:\/\/skalapasji.pl\/index.php?rest_route=\/wp\/v2\/pages\/548\/revisions"}],"predecessor-version":[{"id":615,"href":"http:\/\/skalapasji.pl\/index.php?rest_route=\/wp\/v2\/pages\/548\/revisions\/615"}],"wp:attachment":[{"href":"http:\/\/skalapasji.pl\/index.php?rest_route=%2Fwp%2Fv2%2Fmedia&parent=548"}],"curies":[{"name":"wp","href":"https:\/\/api.w.org\/{rel}","templated":true}]}}